. Let r = -191 + 205. What is the highest common factor of r and z?
14
Let n = 9 - -11. Suppose 4*v = 4*q - 8, -4*v = 2*q - 2*v - 8. Suppose -c + q*g + 8 = 0, -15 = -3*c + 3*g + 9. Calculate the highest common divisor of n and c.
4
Suppose 0 = 5*a + a - 222. What is the greatest common factor of a and 37?
37
Suppose 40 = 2*m - 4*d, -2*d + 2 = -2. Suppose 0 = -3*n + 7 + 2. Calculate the highest common factor of m and n.
3
Let o(h) = 4*h**2 - 1. Let v be o(3). Suppose -5*m + v = 5. Let a be (-4)/10 - 124/(-10). Calculate the greatest common factor of a and m.
6
Suppose 0 = 5*k + 3*j - 1572, 5*j = 7 + 13. Suppose 192 + k = 3*r. Let u be ((-24)/(-20))/(2/35). What is the highest common divisor of r and u?
21
Let l = 24 - 17. Suppose -b + l + 5 = 0. Let w be 21/b - (-1)/4. What is the greatest common divisor of 14 and w?
2
Suppose -l + 18 = 5*g, -2*l + 3*l = -g + 14. Let b(i) = -3*i + 9. Let o be b(4). Let c be (-2 - -105) + o + 4. What is the greatest common divisor of c and l?
13
Let c be (-2)/(-8) + 55/4. Let a be -3 - (-2)/((-4)/(-34)). Calculate the greatest common factor of a and c.
14
Let l(t) = 2*t - 3*t + 33 + 2*t. Let s be l(0). What is the greatest common factor of 11 and s?
11
Let s(q) = q**2 + 10. Let n be 2/1 - (-2 + -1). Suppose 5 = n*k - 45. Let z be s(k). What is the highest common divisor of z and 10?
10
Let a = 6 + -3. Let y(m) = 2*m**3 - m**2 - m - 2. Let d be y(a). Suppose 2*x = 3*h + 32, -x + 80 = 4*x - 3*h. Calculate the greatest common divisor of x and d.
8
Let h be (2*7)/(4/26). Calculate the greatest common divisor of 13 and h.
13
Let p = 29 + -43. Let g be (-1054)/p + (-4)/14. Calculate the greatest common divisor of g and 50.
25
Suppose -3*z - 18 = -0*z. Let p(a) = -a**3 - 5*a**2 + 5*a + 2. Let m be p(z). What is the greatest common divisor of 72 and m?
8
Let x(h) be the second derivative of 27*h**5/20 - h**4/12 + h**3/6 - 2*h. Let t be x(1). Calculate the highest common divisor of 3 and t.
3
Let y = 6 - 35. Let h = 47 + y. What is the highest common divisor of 162 and h?
18
Let k(n) = -n**3 + 7*n**2 - 3*n - 7. Let d = 0 - -6. Let o be k(d). What is the highest common divisor of 33 and o?
11
Let c = -5 - -8. Suppose u - 2 + 4 = -c*m, -2*u = 10. Suppose 19 - 17 = a. What is the highest common divisor of m and a?
1
Let t(h) = -h**2 - 12*h + 1. Let v be t(-11). Let q(b) = -b**2 + 4*b. Let s be q(3). Suppose 0 = s*k - k - 48. What is the highest common factor of k and v?
12
Suppose 28*o - 25*o - 204 = 0. Calculate the highest common divisor of o and 170.
34
Suppose -4*c = -2*c - 4*z - 26, c + 4*z + 11 = 0. Suppose 321 - 41 = c*k. What is the greatest common factor of k and 7?
7
Suppose 5*b + 21 = 3*m, 0 = -m + 5*b + 13 + 4. Suppose -14 - 4 = -m*q. What is the highest common factor of 6 and q?
3
Let g(u) = u**2 - 5*u - 6. Let s be g(6). Suppose -3*o + o + 44 = s. Calculate the greatest common divisor of o and 88.
22
Let u = -198 - -208. What is the highest common factor of 45 and u?
5
Suppose 4*a = -2*a + 300. Calculate the highest common divisor of 10 and a.
10
Suppose -a + 0*k - 2*k = 0, -5*a = 3*k - 14. Suppose 5*d + 3*p = 4 + 9, p + a = 0. Suppose 0*h - 495 = -d*h. Calculate the highest common factor of 9 and h.
9
Let x be (42/(-4))/(90/(-12) - -7). What is the greatest common factor of x and 21?
21
Let k be (-66)/(-2) - (-27 - -22). Calculate the greatest common factor of k and 95.
19
Let r(x) = x**3 + 7*x**2 - 2*x - 11. Let m be r(-7). Calculate the greatest common factor of 12 and m.
3
Let t = 48 - 28. What is the highest common factor of t and 160?
20
Let o be -4*(128/(-72) - 2/9). What is the greatest common divisor of 1 and o?
1
Suppose 10 = 2*h + f, h - 2*f - 1 = -2*h. Let v = 50 - 29. Calculate the greatest common factor of h and v.
3
Let w be 2/(-4)*(-1 + 1). Suppose -2*p + p + 1 = w. What is the greatest common factor of p and 4?
1
Let t(b) = -2*b - 3. Let a(j) = j**3 - 9*j**2 - 2*j + 8. Let p = 20 + -11. Let s be a(p). Let d be t(s). Calculate the highest common divisor of 187 and d.
17
Suppose 28 = 5*z - 12. What is the greatest common factor of z and 88?
8
Let z = -86 + 88. Calculate the highest common divisor of z and 2.
2
Suppose y = 3*y. Let r be -10 + (-1 - (y + 0)). Let x = r + 16. Calculate the greatest common factor of 45 and x.
5
Suppose -5*k + 4*w + 160 = -288, 0 = 2*k - 2*w - 178. Calculate the highest common divisor of 23 and k.
23
Let o be 278/5 + (-2)/(-5). Calculate the highest common divisor of 8 and o.
8
Suppose 5*m + 3*i = 121, 0 = -3*m + 2*i + 87 - 3. What is the highest common factor of m and 234?
26
Suppose -2 + 10 = 4*c. Suppose 6*b = c*b. Suppose b = 7*q - 6*q - 12. Calculate the highest common factor of 18 and q.
6
Let v = -22 - -37. Suppose 4*i + v = -2*u + 285, 5*i - 2*u = 315. Suppose 8*p - i = 3*p. What is the highest common factor of p and 130?
13
Let x be -4*(-2)/16 - 225/(-6). What is the highest common divisor of 342 and x?
38
Let b(i) = -25*i**3 + 3*i**2 - 3. Let l be b(-2). Calculate the highest common divisor of 11 and l.
11
Let a = -7 + 10. Suppose -24 = -i - 4*p, 0 = -2*i + 4*p + 29 + 67. Suppose 0 = 3*c + i - 139. Calculate the highest common divisor of a and c.
3
Suppose 0 = -2*g + 5*g. Suppose 0*a + 3*a = 9. Suppose g = 2*l - a - 3. Calculate the highest common factor of l and 2.
1
Let t(j) = -j**3 + 10*j**2 + 13*j + 23. Let x be t(11). What is the highest common divisor of x and 18?
9
Suppose -92 = -2*m - 4*h - 10, 5*h + 125 = 4*m. Let p = -18 - -29. Let w = p - 6. What is the greatest common factor of m and w?
5
Let j(x) = x**2 - 7*x + 10. Let m be j(4). Let d be (-2 + 0)*m + 2. Let b be (-26)/(-4) + (-1)/2. Calculate the highest common factor of d and b.
6
Let v be ((-55)/10)/((-2)/12). Let d(h) = 8*h. Let i be d(1). Suppose i = z - 3. What is the highest common factor of z and v?
11
Let s(n) = n**2 - n + 61. Let l be s(0). Let t = 19 + l. What is the greatest common factor of t and 10?
10
Let r(x) = -x**3 + 3*x**2 + 3. Let f be r(3). Suppose -32 = -f*c + 4*c. Let s be 6/(-4)*c/3. Calculate the highest common factor of 4 and s.
4
Let o(c) = 121*c + 22. Let b be o(1). Suppose -3*w + 0*w = -39. Calculate the highest common factor of b and w.
13
Let q be 2 + 2/(-4)*0. Suppose 0 = -u - q*u + 42. Suppose -8*k = -4*k + 4*j - 48, -4*j - 8 = 0. Calculate the highest common factor of k and u.
14
Let m(j) = j**2 + 9*j + 2. Let z be m(-4). Let x = -11 - z. What is the greatest common divisor of x and 1?
1
Let i = -56 - -85. Let f = i + 9. Calculate the greatest common factor of f and 57.
19
Let p(j) be the third derivative of j**4/24 - 5*j**3/6 + 2*j**2. Let v be p(8). What is the highest common divisor of v and 33?
3
Let b(x) = 11*x - 36. Let s be b(12). Calculate the greatest common factor of s and 64.
32
Let d be -2 + 4 + 4 + 8. Let l be -1 + 13 + (10 - d). Suppose -19 = -5*x + c, -4*x - 4*c + 0*c + 20 = 0. Calculate the greatest common divisor of x and l.
4
Suppose -7*o - 3*o + 2090 = 0. Calculate the greatest common factor of o and 19.
19
Let a be ((-36)/10)/(6/(-30)). Let j be (-1)/2*(4 - 22). What is the highest common divisor of a and j?
9
Let x be 14/(-4)*16/(-28). Let k be -4*(-3)/x + 0. Calculate the highest common divisor of k and 6.
6
Suppose -c + 285 = -2*z - 2*z, 5*c = -5*z + 1500. Let x = 26 - -1. Calculate the greatest common divisor of x and c.
27
Let a(t) = -t**2 + 399. Let y be a(0). Suppose 0 = -2*q + 5*q - y. What is the highest common factor of q and 19?
19
Let s(u) = -u**3 + 2*u**2 + 5*u + 6. Let v be s(5). Let k = 64 + v. What is the greatest common factor of k and 60?
20
Let s be (-1 - (0 - 1)) + 72. What is the highest common divisor of s and 8?
8
Let w(r) = r - 3. Let x be w(2). Let c be (5 + -55)/(1/x). Calculate the highest common factor of 20 and c.
10
Suppose -2*v - 25 + 103 = 0. Suppose l = -l - 2, 2*u - 3*l - v = 0. Suppose h = -h + u. What is the greatest common factor of h and 72?
9
Suppose 2*h - 5 = 1. Suppose 0*z + h*z = 105. Calculate the highest common factor of z and 7.
7
Let f(s) = 2*s**2 + 23*s + 6. Let l be f(-12). What is the highest common divisor of 36 and l?
18
Suppose 4*r = 4*i - 0*i + 36, 3*r - 4*i - 28 = 0. Let x be (-248)/(-14) - r/(-28). What is the highest common divisor of x and 27?
9
Let c(l) = l**2 + 7*l + 6. Let h be